Let x(r) = 8*f(r) - 5*k(r). List the prime factors of x(-17).
2, 151
Let y(n) = -23*n + 2*n**2 - 13 - 9*n**2 + 9*n**2. Let u be y(12). List the prime factors of 0/u + 94*5/10.
47
Let s = 34 - 7. Let h(m) = -m**3 + 11*m**2 - m + 8. Let o be h(11). Let w = s + o. List the prime factors of w.
2, 3
Let h be -3*(-8787)/(-27)*-3. Let d = -1699 + h. What are the prime factors of d?
2, 3, 5, 41
Suppose -85901 = 13*t - 16*t + 5*h, -85892 = -3*t - 4*h. List the prime factors of t.
2, 3, 1193
Suppose 2*p - 6 - 86 = 0. Suppose -5*y + 28*k + 4 = 24*k, -3*k = -12. List the prime factors of (-5 - -7)/(y/p).
23
Suppose 2*n = -9*p + 35205, n - 12428 - 5127 = 5*p. What are the prime factors of n?
2, 3, 5, 293
Suppose -17*v + 26154 = 5074. List the prime factors of v.
2, 5, 31
Suppose 6*p = 12*p - 54. Let u be 8 - 5 - (p - (-1 + -1)). Let w(q) = -q**3 - 6*q**2 + 3*q - 4. List the prime factors of w(u).
2, 5
Suppose -93092 - 44020 = -3*w. List the prime factors of w.
2, 29, 197
Let h = -104780 - -156621. List the prime factors of h.
47, 1103
Suppose -12*b = -5*l - 10*b + 13648, 2 = 2*b. Let c = -1717 + l. List the prime factors of c.
1013
Suppose 0 = 2*b + 4*n + 705 - 4273, 3*b = 5*n + 5330. What are the prime factors of b?
2, 5, 89
Suppose 755 = 6*q - 5*q + 4*h, -h - 5 = 0. Let t = q - 457. What are the prime factors of t?
2, 3, 53
Let j = -20 - -23. Suppose 57 = j*d + 3. List the prime factors of 102/4*48/d.
2, 17
Let x(t) = -26*t - 120. Let l = -372 - -365. What are the prime factors of x(l)?
2, 31
Let g = -740 + 1004. Suppose 48 = 2*h + 18. List the prime factors of 6/h + g/15.
2, 3
Let o(k) = 66*k**2 + 10*k - 119. What are the prime factors of o(12)?
5, 1901
What are the prime factors of ((-6)/14 - 5760287/(-133)) + 4 + -2?
2, 2707
Let y be (-4 - 39/(-6))*2. Suppose 2*h = 5*g - 4 + 839, 2*g + 2077 = y*h. What are the prime factors of h?
5, 83
Suppose -2*d + 3*j + 5 = 3, d + 8 = -3*j. Let z(y) = 289*y**2 - 16*y - 37. List the prime factors of z(d).
1151
Suppose -14770336 = -232*g - 41*g - 10*g. List the prime factors of g.
2, 7, 233
Let w(o) = -2*o - 8. Let c be w(-1). Let q be c/9 - 10916/(-12). Suppose 5*d + u - q = -224, -5*d + 2*u = -700. What are the prime factors of d?
2, 3, 23
Let q = -19165 - -27368. What are the prime factors of q?
13, 631
Suppose 0 = -5*h + 3*o + 116194, -71923 = -5*h + 2*o + 44268. List the prime factors of h.
19, 1223
Let c(k) = -19*k**2 - 21*k + 106. Let a be c(4). Let s = a - -393. What are the prime factors of s?
3, 37
Suppose 5*n = -3*x + 7476, 5*x + 33*n - 12479 = 31*n. What are the prime factors of x?
11, 227
Suppose -2*t + 34603 = 5*v, -2*v + 61056 = 8*t - 77446. List the prime factors of t.
2, 11, 787
Suppose -459 = -13*g + 178. Let j = -49 + g. Suppose l - 5*v + 8 = j, -2*v - v = -2*l - 2. What are the prime factors of l?
2
Suppose -1104*v + 23836 = -1103*v + q, q = 3*v - 71504. List the prime factors of v.
3, 5, 7, 227
Suppose -z = o - 2191, 3*z + 7613 - 1052 = 3*o. List the prime factors of o.
11, 199
Suppose -748866 + 2817403 = 53*a. List the prime factors of a.
31, 1259
Let t be (-1)/(-4)*48/4. Suppose m = l + 4*m - 8, t*l - 11 = 4*m. What are the prime factors of 432/4 + -1 + l?
2, 7
Let f(c) = 3*c - c + 13 + c**2 - 8. Let h be f(0). Let l = h - -26. List the prime factors of l.
31
Suppose -4*l = 20, -l + 4 + 17 = -2*w. Let j(o) be the second derivative of o**4/12 + 11*o**3/6 + 9*o**2 + o. List the prime factors of j(w).
2, 11
Let z(s) = 3. Let f(a) = -114*a**2 - 4*a + 11. Let h(p) = -f(p) + 4*z(p). List the prime factors of h(2).
3, 5, 31
Let j = -395 + 388. Let d(y) = y**2 + 4*y + 37. What are the prime factors of d(j)?
2, 29
Let h = -31 - -31. Suppose 0*l - v + 102 = 5*l, 4*v - 8 = h. What are the prime factors of 1*(l - (-4)/2)?
2, 11
Suppose 5*g = -4*c + 1204, -c - g - 45 = -347. Suppose 2*l - 1115 = m, m + 250 = l - c. List the prime factors of l.
13, 43
Let z(d) = d**2 + 35. Let w be z(9). Let r = w - 52. List the prime factors of r.
2
Let j be (-3 - -1)*(-7 - 66/(-11)). Suppose -4*u - 3*h = -6336, -j*u - 1030 = -5*h - 4224. What are the prime factors of u?
3, 23
Let r be 1*(3 + -52)*1. Let u = 52 + r. Suppose -u*n + 24 = 9*n. What are the prime factors of n?
2
List the prime factors of (-12344)/2*-5 + -20 + 28.
2, 7717
Suppose -1139*t + 1195*t = 535248. List the prime factors of t.
2, 3, 59
Let h = 4609 + -3216. What are the prime factors of h?
7, 199
Let p = 12608 - -17947. List the prime factors of p.
3, 5, 7, 97
Let i = -10579 - -102351. What are the prime factors of i?
2, 22943
Let s(i) = -5*i**2 + 94*i - 85. Let g be s(31). Let q = g - -3438. List the prime factors of q.
2, 17, 43
Let y = 448 + -438. Suppose 1562 = y*t + t. List the prime factors of t.
2, 71
Let u(z) = -3*z - 37. Let a be u(0). Let l = -35 - a. Suppose 0*y + 5*y + 67 = l*t, -2*t + 74 = 2*y. What are the prime factors of t?
2, 3
Suppose -4*m - 229 = -2245. Suppose 0 = l - g - m, l + 3*g - g - 519 = 0. Suppose -7*y + 93 + l = 0. What are the prime factors of y?
2, 43
Let u = 1738 + 775. What are the prime factors of u?
7, 359
Let r = 447 + -453. What are the prime factors of (86/r)/(39/(-117))?
43
Let c(w) = -334*w - 71. Let a be c(-9). Suppose -5*z = 5*r - a, 2*z + 3*z - 20 = 0. List the prime factors of r.
11, 53
Suppose -5*y = -h + 10, 5*h - 8*y + 3*y = 30. Suppose -r + 321 + 546 = 2*i, -h*i - 3*r = -2167. What are the prime factors of i?
2, 7, 31
Let m = 60843 - 28081. What are the prime factors of m?
2, 16381
Suppose 3*c + 4*r - r = -45, 3*c + 5*r = -35. Let t be c/(-70) - (-120)/21. Suppose 156 = t*n - 3*n. What are the prime factors of n?
2, 13
Let w(l) be the first derivative of -l**3/3 - 2*l**2 + 1239*l + 239. What are the prime factors of w(0)?
3, 7, 59
Let w(t) = -5*t**3 + 2*t**2 + 52*t + 393. What are the prime factors of w(-19)?
2, 3, 5737
Suppose -5*z + 13*z + 40 = 0. Let v(r) = r**3 + 2*r**2 - 17*r - 2. Let h be v(z). What are the prime factors of (0 + (-3 - -117))/(6/h)?
2, 19
Suppose 10*t = -2*h + 85550, -2*t + 21 = 7. List the prime factors of h.
2, 5, 2137
Let k be (-3)/(-6)*(1 - -95). Let i = 54 - k. Suppose 0 = -9*z + i*z + 180. What are the prime factors of z?
2, 3, 5
Let f = -17410 + 37009. List the prime factors of f.
3, 47, 139
Suppose 0 = -8*p + 6*p - 10, 0 = 5*u - 5*p - 125660. List the prime factors of u.
25127
Let o be ((-120)/(-18))/(-1 + 39/45). List the prime factors of o/5*248/(-16).
5, 31
Let l = 3675 + 168. List the prime factors of l.
3, 7, 61
Let l = 217 - 214. Suppose -1001 = -2*d - i, -18*d - 2508 = -23*d + l*i. What are the prime factors of d?
3, 167
Let z be 462/7 + 0/1. Let c = z + 64. Suppose 5*k = 0, 5*t + 3*k - c = -0*t. List the prime factors of t.
2, 13
Let i = 5120 + 37276. What are the prime factors of i?
2, 3, 3533
Let v(x) = -2*x**2 + 15*x**2 - 14*x + 3 + x**3 - 2 + 5. Let i be v(-14). Suppose -d = 2*y - 201, 3*y = i*d - d + 295. List the prime factors of y.
2, 5
Let d be 1 + (-4)/(-4) + -3 + -4. What are the prime factors of -1*4 + (2 - -25 - d)?
2, 7
Let z(l) = -469*l**3 - 3*l**2 + 5*l + 5. List the prime factors of z(-2).
3, 5, 83
Let l(g) = -14*g**3 + 4*g**2 + 65*g + 478. List the prime factors of l(-9).
7, 1489
Suppose 0 = -12*w - 10*w - 180608 + 706452. What are the prime factors of w?
2, 17, 19, 37
Suppose -6*m + 5565 = -m + 5*i, 2*m + 4*i - 2218 = 0. Suppose 5*z = 4*y + 1388, m = 6*z - 2*z - y. List the prime factors of z.
2, 5, 7
Let w be 2/(-5)*(-2 + 11 - -1). Suppose -4*q + 11 = 4*y + 3, -26 = -4*q + 5*y. List the prime factors of ((-57)/w + 6/(-2))*q.
3, 5
Let z(u) = -u**3 - 14*u**2 - 29*u - 4. Let b be z(-16). Let m = b + -552. Suppose -v - 2*s = -219, 3*s = 5*v - 610 - m. List the prime factors of v.
11, 19
Suppose r + 3*r = -t + 870, r - 873 = -t. Suppose -5*g + 2*c = -t, 3 = -c + 2*c. List the prime factors of g.
2, 11
Suppose 5*l = -3*c + 33704, -l + 616 = -5*c - 6136. List the prime factors of l.
2, 3371
Let s be (-36)/270 - 196932/(-90). Let p = -546 + s. List the prime factors of p.
2, 821
Let i(q) = 206*q**3 - 7*q**2 + 8*q - 9. Suppose -2*l + 2 = 4*a, 2*a + 2*l = 3*l + 7. List the prime factors of i(a).
1627
Let g(u) = -7*u**2 - 7*u + 21. Let i(t) = 15*t**2 + 14*t - 43. Let d(a) = 13*g(a) + 6*i(a). Let w be d(-7). Let v = 35 - w. What are the prime factors of v?
2